10) + -7
-1
Calculate -1 + -5 + 7 + 0.
1
Calculate (-8 - -1) + 10 + -3 + 2.
2
(5 - 2) + (1 - 13)
-9
What is the value of 20 + -15 - (0 + 6)?
-1
Evaluate 17 + -22 + (1 - -2) + -2.
-4
Calculate 2 - (1 + 1 + -3) - 0.
3
What is the value of -5 - (-7 + -4) - 8?
-2
(-2 + (3 - -2) - 1) + -1
1
Calculate (-3 - (-4 - -3)) + -2 + 6.
2
What is the value of 1 + -1 + -4 + -2 - -2?
-4
What is -13 - ((2 - -10) + -16)?
-9
6 - 2 - (-2 + 4 + -2)
4
-2 - (6 + -6) - (0 + -1)
-1
Evaluate -72 - -53 - (-13 + 2).
-8
What is ((8 - 4) + -12 - -6) + -6?
-8
Evaluate 11 + -2 - (22 + -12).
-1
-4 + 6 + (1 - 5)
-2
Evaluate (2 - 2) + 3 + -3 + -3.
-3
What is 0 - (-9 + 9 - -2)?
-2
What is the value of (-4 - (-4 - -10)) + 6?
-4
What is (-3 - -5 - -10) + -3?
9
Calculate (-22 - (4 + -17)) + -1.
-10
What is -4 + (-6 + 0 - -12)?
2
57 + -46 - (-1 + 5)
7
Evaluate (8 + -2 + -2 - 2) + 3.
5
Calculate 0 + -3 + 1 - (-5 - -3).
0
What is the value of 8 + (14 + -9 - (-3 - -13))?
3
What is the value of -6 + 12 + (5 - 8)?
3
Calculate -5 + 9 + (0 - 9).
-5
Evaluate (2 - 6) + 8 - (9 + 0).
-5
What is the value of 4 - -1 - (2 + (1 - 3))?
5
Calculate (-1 - (2 + 3 - 6)) + -3.
-3
What is the value of (-28 - -25) + 0 + 1 + -4?
-6
Calculate 23 + -21 - (-2 + 1).
3
-3 + 7 + -4 + -1 + -1
-2
Evaluate (-4 - 2 - -6) + -3.
-3
What is (-5 - -4) + -2 - -2 - 3?
-4
(3 - 5 - (-10 + 15)) + 5
-2
Calculate 6 - (4 - (8 + 0)) - 5.
5
Evaluate 8 + -1 + -4 - (0 - -6).
-3
What is (-8 - -6) + (-2 - -2) + 7?
5
Evaluate 26 + -33 + 0 + 8.
1
What is the value of 7 + 0 - (2 - 0)?
5
What is -2 + -1 + 1 - (11 + -9)?
-4
Calculate (13 - 14) + (-1 - 0).
-2
Evaluate (2 - 2) + (1 + 4 - 5).
0
Calculate 1 - (-1 - 7) - 6.
3
Evaluate (2 - -1) + -24 + 17.
-4
What is 4 - 1 - (7 + -5)?
1
What is the value of 10 - 4 - (2 - (-2 - 0))?
2
What is the value of 8 - 6 - (1 - -5)?
-4
2 + (2 - 4) + 2 + 1
3
(75 - 75) + 2 + 1
3
-11 - -12 - (-3 - -9)
-5
What is the value of (5 + 0 - (7 - 3)) + -4?
-3
Evaluate (2 + 3 - 8 - 1) + 2.
-2
-3 + 0 + 2 + (4 - 4)
-1
What is the value of -1 + (-2 - (2 - 6))?
1
Evaluate 5 + -9 - (1 + 0).
-5
What is the value of -4 + 2 + 8 + -9?
-3
(-4 - (-2 - 4)) + -4
-2
What is the value of (0 + -13 - (41 - 47)) + 0?
-7
What is 3 + 1 + 3 - (5 + -2)?
4
Calculate 5 + -3 + (-5 - 1).
-4
Calculate -1 + -1 + -1 + -3 + 0.
-6
Calculate 8 + 10 + 2 + -24.
-4
-7 - 0 - (42 + -44)
-5
Calculate (3 - 4 - (-6 + 4)) + -2.
-1
Calculate -5 + 5 + 1 + (-1 - -4).
4
-2 + -2 + 0 + (8 - 9)
-5
Evaluate (-7 - -8) + -6 + -2 - -4.
-3
What is 2 + -16 + (6 - 0) + 11?
3
Calculate -3 - -2 - (4 - 4 - 0).
-1
Evaluate 2 - (9 + (-3 - 3)).
-1
Calculate 7 - (-5 - -11 - 0).
1
What is -6 + 9 + -4 + -2?
-3
What is the value of -4 + 3 + (-6 + 9 - 6)?
-4
What is 1 + (26 + -25 - (9 - 1))?
-6
Evaluate -2 - -5 - (-5 + 6) - 3.
-1
What is the value of 1 + (-8 - 2 - -10)?
1
-2 - (-8 + 7) - -4
3
Evaluate 3 + -3 + (-5 - 7) + 5.
-7
What is the value of (-2 + 3 - -2) + (0 - -1)?
4
Evaluate -9 + 1 - (8 + -15 + 3).
-4
4 + 3 + -7 + (2 - 6)
-4
Evaluate -5 + 0 + 3 + (-4 - -1).
-5
What is 5 - ((-2 - 1) + 13)?
-5
What is 1 - (-4 + 3 - (-5 - -3))?
0
Calculate 5 - 5 - (7 + -4).
-3
Evaluate (-2 - -1) + 1 - -4 - -1.
5
Evaluate 3 - (-2 + 11 + -3).
-3
What is the value of (-3 + 2 - -5) + -8?
-4
Calculate 3 - (3 + 1 + 0) - -2.
1
What is the value of (-5 - 7 - -7) + 0?
-5
What is the value of -6 - -1 - (-3 + 5 + -7)?
0
Evaluate 3 - 1 - (23 + -45 + 22).
2
7 - 0 - (25 + -14 + 5)
-9
Calculate -5 - (-10 + 3 + 4 + -11).
9
Calculate 1 - (7 - (5 - -4) - -8).
-5
Calculate (-8 - -6) + -4 + 3 + 9.
6
Evaluate (-10 + 5 - -2 - -5) + -1.
1
Calculate (1 - (-2 + 2)) + 1 + 1.
3
Evaluate (5 - 0 - (-9 + 14)) + -5.
-5
Calculate 2 + 6 + (28 - 30).
6
What is (12 - 4) + (2 - (3 - -2))?
5
Evaluate -2 - (1 + (-5 - -2) + 3).
-3
What is -3 + (4 - (4 - 6)) + -3?
0
-2 - (3 + -2 + (-3 - -4))
-4
Calculate 5 + -7 + -5 + 3 + 3.
-1
Calculate 2 - 7 - (-1 + -3).
-1
Evaluate 3 + (-1 + 7 - 5) + 4.
8
What is the value of -13 + 7 - -12 - 14?
-8
What is (5 - -3) + (-4 - 1)?
3
What is the value of 5 - (-8 - (-3 - 12))?
-2
Evaluate 9 - (6 + -5 + 13).
-5
(0 - -1) + 0 + (1 - -7)
9
Calculate 5 + 4 + -4 - 1.
4
-3 - (-1 - (5 + 3))
6
Calculate -3 + (-8 + -2 + 5 - -10).
2
What is -2 + 2 + -3 - -4?
1
Evaluate (-21 - -3 - -11) + 5.
-2
Evaluate -2 - (-8 + 2 + 6).
-2
What is the value of 8 - 2 - (-3 + 8)?
1
What is (0 + -2 - -4) + -4 - -3?
1
Calculate (-2 - 0) + 4 - -2 - 2.
2
Calculate -5 + 2 - (-1 - (3 - 1)).
0
Calculate 10 - (2 + 0) - (241 - 240).
7
What is the value of -9 - ((11 - 6) + -13)?
-1
Evaluate 1 + 2 - (-23 + 21).
5
Calculate 1 - (8 + -5 + -2 + 1).
-1
What is the value of 17 + -5 - 15 - (1 + -1)?
-3
Calculate (4 - -1) + (0 - 7 - -4).
2
Evaluate (-2 - -11) + 1 - (162 + -155).
3
What is -6 + 6 + (-2 - 2)?
-4
Evaluate 0 + 2 - 1 - 2.
-1
What is the value of 14 - (3 + -3) - 7?
7
What is 0 - (-25 + 12 - -9)?
4
Calculate (0 - 0) + (2 - -2).
4
Calculate (5 - 7) + 1 - (3 - 8).
4
What is the value of 5 - (-10 - -6 - (-2 + 0))?
7
What is the value of -4 - (4 + -10 + 7)?
-5
What is (6 - -2) + -5 + (-8 - -2)?
-3
What is the value of -3 - (4 + -4 + -4)?
1
Evaluate 6 + (-5 - 4 - -10).
7
Calculate 3 + (-8 - (1 + -2 - 2)).
-2
What is (-84 - -78) + (4 - (0 - 0))?
-2
What is -3 + (1 - -1 - (6 - 7))?
0
What is (-4 - -4 - 2) + 3 - 6?
-5
What is -9 - (-1 + (-7 - -9))?
-10
Calculate (2 - 4) + 3 + -1 + -3.
-3
Calculate -9 + 6 - (1 + 0) - 1.
-5
What is the value of 2 + -4 - -1 - (7 - 6)?
-2
What is the value of -1 + (-8 - -14 - 8 - 2)?
-5
Evaluate -5 - (2 + 6 + -3 - 10).
0
What is the value of 7 + 0 - (8 + 2 + -7)?
4
(1 - 1) + (3 + -1 - -1)
3
What is -3 + 1 - 1 - -3?
0
What is the value of (0 - -5) + 3 + (5 - 8)?
5
Calculate (-2 - -12) + -10 - 4.
-4
What is 1 + (1 - 5 - -3)?
0
What is the value of -4 - 7 - (-9 - -1)?
-3
What is 2 + 6 + (-4 + 8 - 12)?
0
What is the value of -4 + -1 + 1 + (2 - 2)?
-4
What is the value of -1 + (-3 - 0) + 0?
-4
What is -30 + 34 - (5 - 0)?
-1
Evaluate 1 - (6 + 2 + -5).
-2
What is 7 - (18 + (9 - 18))?
-2
What is the value of -8 - (9 + -6) - -5?
-6
Evaluate (6 - -4) + -15 - 3.
-8
Calculate -5 + (-2 + 2 - (-5 + 1)).
-1
-2 - (2 + (0 - 3) + -4)
3
Calculate 1 + (-11 + 1 - -5).
-4
What is -3 + 5 + -3 + -1?
-2
What is 2 - (0 - (-2 - (-3 - -2)))?
1
Evaluate ((-2 - -2) + 7 - 2) + 0.
5
What is the value of 6 + -2 - ((2 - -3) + 1)?
-2
Calculate 8 - (-7 - (3 - (18 + -8))).
8
-1 + 1 - (-1 + 4)
-3
-5 + 1 + 3 - 1
-2
5 + 2 + -6 + -4
-3
What is the value of 12 + -38 + 11 - -7?
-8
What is the value of (-5 + 3 - -1) + 1 + -3?
-3
Calculate -6 - (-1 + (-9 - -13)).
-9
What is the value of 3 + (-4 - -6 - (5 + -1))?
1
Calculate 1 - (1 + 1 + 1).
-2
What is (25 + -5 - 12) + -10?
-2
Calculate (4 - 5) + 1 + (19 - 13).
6
What is (-1 - -2) + -1 - 0?
0
(1 - -1) + (4 - 1)
5
What is 1 + 6 + -5 + -7 - -4?
-1
Calculate 113 - 119 - (-1 + 0).
-5
What is the value of -1 + -1 - (16 + -7 - 7)?
-4
What is -5 - -5 - 1 - -4?
3
-9 - (-9 + (1 - -3))
-4
What is (12 - 14) + -5 - -1?
-6
Evaluate (-10 - -4) + 5 + 8.
7
What is the value of -5 + (10 - 1) - (1 + 1)?
2
Calculate 2 + 4 - (17 - 15).
4
0 - (-1 + -2 + 7 + -1)
-3
Calculate (-2 + -3 - -15) + -5.
5
Calculate (11 - 0 - 5) + 0.
6
Calculate 5 - (-4 + (0 - (-3 + -1))).
5
1 + -2 + -1 - (-96 - -94)
0
Calculate 3 + (7 + -18 - -6).
-2
Evaluate 6 + -2 - (1 + 5).
-2
9 + -1 + -8 + 0
0
Evaluate -5 - ((5 - 12) + 5).
-3
What is -6 + 10 - (5 + -5)?
4
What is -15 - -16 - (0 + 6)?
-5
3 + -6 + 2 + (2 - 2)
-1
Calculate -5 + 11 + -4 + (4 - 4).
2
5 + 18 + -14 + -1 + -4
4
What is (-7 - -1) + -13 + 10 + 4?
-5
3 + 0 + 0 + -3 + 3
3
Evaluate (-12 + 18 - 18) + 4.
-8
Calculate -5 + 7 + -3 - (1 + 0).
-2
1 + 3 + -1 - 8
-5
What is (-1 - 0 - 4) + 56 + -54?
-3
What is -3 - (-3 + (3 - (2 - 2)))?
-3
9 - (8 - -2) - (1 - 8)
6
Calculate 9 + (10 - 14) - -3.
8
What is the value of 1 + -16 - (124 - 130)?
-9
Evaluate (4 - (5 - 4)) + -2 + 2.
3
What is 2 + (-2 - -3) + -4?
-1
-3 - (-7 + 3 + 0)
1
What is 0 + 3 - (8 + -14 + 10)?
-1
Evaluate 6 - (1 + -1 + 5).
1
Calculate 2 - (4 + (-1 - (3 + 1))).
3
What is 15 - (-8 - -26 - 11)?
8
Evaluate 3 - (-2 + 5 + -1 + -2).
3
Evaluate (18 - (14 + 0)) + 2 + -1.
5
Evaluate -9 + 14 + -3 - (0 + -3).
5
What is -3 - (-7 + 8 + -6 + 2)?
0
Calculate (15 + -10 - (11 - 2)) + 8.
4
Calculate 4 + -11 + (-6 - -13).
0
What is (-6 - (-4 - 0)) + 1 - -5?
4